 factor of 66332 and 7.
7
What is the highest common factor of 14532 and 12?
12
What is the highest common factor of 21 and 1666?
7
What is the greatest common factor of 150 and 400?
50
Calculate the greatest common divisor of 658 and 846.
94
What is the highest common factor of 9 and 2187?
9
What is the highest common divisor of 2525 and 175?
25
Calculate the highest common factor of 114 and 513.
57
Calculate the greatest common factor of 529 and 23.
23
Calculate the highest common divisor of 5 and 10.
5
What is the greatest common divisor of 72 and 104?
8
What is the highest common divisor of 21 and 32?
1
What is the greatest common divisor of 756 and 27?
27
What is the greatest common factor of 260 and 156?
52
What is the highest common divisor of 55 and 352?
11
Calculate the greatest common divisor of 156 and 273.
39
Calculate the greatest common factor of 1350 and 3300.
150
What is the greatest common factor of 8528 and 26?
26
Calculate the highest common factor of 224 and 2632.
56
Calculate the greatest common factor of 2072 and 308.
28
What is the highest common factor of 245 and 14?
7
What is the greatest common divisor of 275 and 220?
55
Calculate the greatest common factor of 20500 and 164.
164
Calculate the highest common divisor of 66 and 55.
11
What is the highest common factor of 364 and 156?
52
What is the highest common factor of 31 and 527?
31
What is the highest common divisor of 258 and 1419?
129
What is the greatest common factor of 20 and 34?
2
What is the greatest common factor of 1221 and 3219?
111
Calculate the highest common divisor of 280 and 2352.
56
What is the greatest common divisor of 905 and 6516?
181
What is the greatest common factor of 13 and 3198?
13
What is the greatest common factor of 432 and 8?
8
What is the greatest common factor of 437 and 76?
19
Calculate the greatest common factor of 30 and 100.
10
Calculate the greatest common factor of 230 and 598.
46
Calculate the highest common factor of 825 and 693.
33
What is the greatest common divisor of 21 and 7483?
7
Calculate the highest common factor of 91 and 7917.
91
Calculate the highest common divisor of 6760 and 200.
40
What is the highest common factor of 185 and 880?
5
Calculate the highest common divisor of 26 and 91.
13
Calculate the highest common factor of 72 and 162.
18
What is the highest common factor of 96 and 16968?
24
Calculate the greatest common divisor of 2 and 13.
1
What is the highest common divisor of 10563 and 105?
21
What is the highest common divisor of 205 and 65?
5
Calculate the greatest common divisor of 1700 and 20.
20
Calculate the highest common divisor of 93 and 434.
31
Calculate the greatest common factor of 6655 and 1089.
121
Calculate the greatest common divisor of 168 and 2912.
56
Calculate the highest common divisor of 306 and 90.
18
Calculate the greatest common factor of 24 and 216.
24
Calculate the highest common divisor of 17 and 544.
17
What is the greatest common divisor of 14848 and 29?
29
Calculate the greatest common divisor of 462 and 378.
42
Calculate the highest common divisor of 342 and 228.
114
Calculate the greatest common divisor of 80 and 464.
16
Calculate the highest common divisor of 37 and 481.
37
Calculate the highest common divisor of 594 and 168.
6
What is the highest common divisor of 10 and 208?
2
Calculate the greatest common divisor of 20 and 260.
20
What is the highest common factor of 976 and 61?
61
Calculate the highest common factor of 3 and 81.
3
What is the highest common divisor of 192 and 300?
12
Calculate the highest common factor of 78 and 12.
6
What is the greatest common divisor of 15 and 75?
15
Calculate the greatest common divisor of 288 and 54.
18
Calculate the greatest common divisor of 936 and 54.
18
What is the greatest common divisor of 637 and 13?
13
Calculate the highest common factor of 1261 and 13.
13
What is the highest common factor of 3655 and 680?
85
Calculate the greatest common divisor of 294 and 28.
14
What is the greatest common divisor of 83 and 2?
1
What is the greatest common factor of 1558 and 342?
38
Calculate the highest common divisor of 3636 and 36.
36
Calculate the greatest common divisor of 351 and 9.
9
What is the highest common factor of 84 and 21?
21
What is the highest common factor of 76 and 646?
38
Calculate the greatest common factor of 3184 and 48.
16
Calculate the greatest common divisor of 9996 and 4.
4
What is the greatest common divisor of 2528 and 79?
79
What is the greatest common factor of 4064 and 889?
127
What is the highest common divisor of 1888 and 96?
32
Calculate the greatest common factor of 320 and 60.
20
What is the highest common factor of 76 and 26068?
76
Calculate the highest common divisor of 1472 and 1012.
92
What is the highest common factor of 95 and 703?
19
What is the greatest common factor of 26 and 2951?
13
Calculate the highest common factor of 888 and 666.
222
What is the highest common factor of 4012 and 59?
59
What is the greatest common divisor of 8190 and 650?
130
Calculate the greatest common factor of 13 and 1404.
13
Calculate the greatest common divisor of 52 and 130.
26
What is the greatest common factor of 147 and 2688?
21
Calculate the highest common divisor of 92 and 322.
46
Calculate the greatest common factor of 876 and 48.
12
What is the greatest common divisor of 170 and 34?
34
What is the greatest common divisor of 48 and 368?
16
Calculate the highest common divisor of 351 and 13.
13
Calculate the greatest common factor of 82 and 38212.
82
Calculate the highest common divisor of 200 and 290.
10
What is the highest common divisor of 6 and 8?
2
What is the greatest common factor of 357 and 21?
21
Calculate the highest common divisor of 1403 and 3355.
61
Calculate the highest common divisor of 1081 and 23.
23
Calculate the highest common factor of 26 and 15106.
26
Calculate the greatest common divisor of 3850 and 14.
14
Calculate the highest common divisor of 15 and 640.
5
What is the highest common divisor of 552 and 24?
24
What is the highest common factor of 276 and 759?
69
What is the highest common factor of 78 and 494?
26
What is the greatest common divisor of 187 and 363?
11
What is the greatest common divisor of 9159 and 142?
71
Calculate the highest common factor of 6 and 3546.
6
Calculate the highest common factor of 7896 and 672.
168
Calculate the greatest common divisor of 375 and 165.
15
What is the greatest common factor of 1197 and 1008?
63
What is the highest common factor of 8 and 94?
2
What is the highest common divisor of 175 and 4025?
175
Calculate the greatest common factor of 33 and 1925.
11
What is the highest common divisor of 131 and 4?
1
Calculate the highest common factor of 625 and 75.
25
What is the highest common divisor of 55 and 143?
11
What is the greatest common factor of 170 and 578?
34
Calculate the greatest common divisor of 1290 and 120.
30
What is the highest common divisor of 18871 and 113?
113
Calculate the greatest common divisor of 456 and 1080.
24
Calculate the greatest common factor of 1539 and 135.
27
What is the greatest common factor of 3717 and 189?
63
What is the highest common factor of 656 and 16?
16
Calculate the highest common divisor of 270 and 120.
30
What is the greatest common factor of 136 and 4097?
17
Calculate the highest common factor of 234 and 5226.
78
Calculate the highest common divisor of 8 and 576.
8
What is the highest common divisor of 44 and 8?
4
Calculate the highest common factor of 792 and 11682.
198
Calculate the highest common factor of 18 and 30.
6
What is the greatest common factor of 28 and 44?
4
What is the greatest common factor of 128 and 784?
16
What is the greatest common divisor of 1734 and 102?
102
What is the highest common divisor of 67 and 1809?
67
Calculate the greatest common divisor of 17 and 289.
17
What is the greatest common divisor of 171 and 9?
9
What is the greatest common divisor of 576 and 54?
18
Calculate the greatest common divisor of 18 and 22221.
9
What is the greatest common factor of 52 and 31564?
52
What is the greatest common factor of 69 and 72?
3
Calculate the highest common divisor of 21 and 1526.
7
Calculate the highest common factor of 7047 and 729.
243
Calculate the highest common div